ided by 12.
8
Let u be ((-3)/6)/(4/(-48)). Suppose u - 13 = h + 3*r, -h = 2*r + 2. What is the remainder when 23 is divided by h?
7
Suppose -5*l = -5*m, -3*l - 2*l - 2*m + 21 = 0. Calculate the remainder when 5 is divided by l.
2
What is the remainder when 102 is divided by -58*1/(-2) + -3?
24
Let g(a) = -a**3 + 2*a + 4. Calculate the remainder when 20 is divided by g(-2).
4
Suppose 44 = 2*v - 4*d, 2*d - 6 + 2 = 0. What is the remainder when v is divided by 10?
6
Suppose -n = 2*n - 57. Suppose 5 = -v + n. Suppose -5*x + 57 = 2*k + 7, -4*k = -4*x + 12. What is the remainder when v is divided by x?
6
Let z(l) = -l**2 - 5*l. Calculate the remainder when 19 is divided by z(-4).
3
Let m(l) = -1 - 1 - 1 + l**2 - l. Suppose q - 2 = 2*i, 0 + 6 = 2*i. Calculate the remainder when q is divided by m(3).
2
Let m = 29 - 10. What is the remainder when 54 is divided by m?
16
Suppose 3 = -3*l + 9. Suppose 3*q = b + 9, 3*b - 3 + 2 = 2*q. Suppose -4 = -q*k + 16. Calculate the remainder when k is divided by l.
1
Suppose 0 = -5*x + 51 + 59. Let l = -5 - -11. Calculate the remainder when ((-1)/2)/((-1)/x) is divided by l.
5
Suppose 3*o + 21 = 6*o. Suppose 5*l = -25, 2*c + l + 0*l = o. Calculate the remainder when 4/10 - (-83)/5 is divided by c.
5
Suppose 7 = -k + 3, 3*w - k = 37. Calculate the remainder when 40 is divided by w.
7
Let j = 377 - 254. What is the remainder when j is divided by 18?
15
Let t(f) = 2*f - 8. Let s(q) = -22*q**3 - q. Calculate the remainder when s(-1) is divided by t(7).
5
Let p be 45/55 - 4/(-22). Calculate the remainder when 4 is divided by p + -1 - (7 - 9).
0
Suppose -m + 21 = -x, -x - 41 = -3*m + 18. Suppose -10 = -5*j, 2*c - 2*j - 140 = 3*j. What is the remainder when c is divided by m?
18
Suppose 5*f - 8 - 7 = 0. Suppose f = -2*l + 7. Suppose -7*b + l*b + 75 = 0. Calculate the remainder when 43 is divided by b.
13
Suppose 0*x - 30 = 3*x. Let t = -1 - x. What is the remainder when t is divided by 6?
3
Let r be (-6)/4*(5 - 3). Let v(q) = -5*q + 4. What is the remainder when 6*9 + (0 - -1) is divided by v(r)?
17
Let g(d) = -d**3 - 2*d**3 - 2*d**2 + 2*d**3 - 7*d**2 - 1. Let h be g(-9). Let x(a) = 23*a**2 + 2*a + 1. What is the remainder when x(h) is divided by 8?
6
Suppose 0 = j - 4*i - 41, 0 = 4*j + 3*i - 83 - 24. What is the remainder when j is divided by 11?
7
Let p = -19 + 24. Suppose 0 = -2*f + p*c + 35, 0*c + 2*c + 10 = 0. Let x = 6 + -4. What is the remainder when f is divided by x?
1
Let c = 11 - 5. Let g = 3 + c. What is the remainder when 35 is divided by g?
8
Suppose -3 = -3*z, 4*n = 2*z - 0*z - 10. Let p be -1*(-3 - (-4)/n). Suppose -p = 5*b, 4*a - b = 2*a + 47. Calculate the remainder when a is divided by 12.
11
Let f be ((-4)/(-14))/(3/21). Suppose 38 = f*t + 6. What is the remainder when t is divided by 6?
4
Let c = -17 + 20. Suppose 0*k = c*k - 12. What is the remainder when k is divided by 3?
1
Suppose -3 = -5*r + 22. Suppose -2*k + 33 = r. Suppose -5*w = -11 - 14. What is the remainder when k is divided by w?
4
Let x = -1 - -6. Suppose 6*u - u + h - 29 = 0, 0 = 5*u - 5*h - x. Calculate the remainder when u is divided by 4.
1
Suppose 0*k + 2*k - 4 = 0. Suppose 2*s - k*y = 3*y + 12, -s + 4*y = -6. Calculate the remainder when 22 is divided by s.
4
Let n(h) = -h**2 + 17*h + 14. Suppose 4*b + i - 93 = 6*i, 5*i = -25. Calculate the remainder when n(13) is divided by b.
15
Let f(w) = -7*w + 22. Calculate the remainder when 2 is divided by f(3).
0
Let c(g) = -g**2 - 7*g + 6. Suppose 0 = 7*k - 11*k + 28. Calculate the remainder when c(-6) is divided by k.
5
Suppose 0 = 5*d - 2*o - 36, 4*d - 3*o + 12 = 38. Suppose -5*y + 4*y + d = 0. Calculate the remainder when 14 is divided by y.
6
Let j(x) = x**2 + 2*x + 1. Let g be j(-3). Suppose 3*m + m - g = 0. What is the remainder when 2 is divided by m?
0
Let h = 43 - 10. Suppose 0 = -5*p + 1 + 24. Let q = p + h. What is the remainder when q is divided by 13?
12
Suppose 195 = 4*g - 297. Calculate the remainder when g is divided by 25.
23
Suppose -4*o + 342 + 46 = 0. Suppose -7*c = 4*p - 2*c - o, 0 = 4*p + 3*c - 87. What is the remainder when p is divided by 5?
3
Suppose -3*t = -4*t + 73. Suppose 2*y + 3*q = 19, t = 5*y + 4*q - 5*q. What is the remainder when 53 is divided by y?
11
Suppose -48 = -10*w - 8. What is the remainder when w is divided by 2?
0
Let w = 23 - 5. Suppose -5*k + 4*k = -w. Calculate the remainder when 35 is divided by k.
17
Let l(h) = -h**2 + 22*h + 13. Calculate the remainder when 50 is divided by l(22).
11
Let n(c) = c**2 + 7*c + 32. Calculate the remainder when 46 is divided by n(-6).
20
Suppose -2*u - v + 318 = u, 3*u = 3*v + 306. What is the remainder when u is divided by 18?
15
Suppose 2 = 4*j - 3*j. Calculate the remainder when 1 is divided by (-8)/(-4)*1/j.
0
Suppose 4*s + 74 = -30. Let a be 222/(-3)*1/(-2). Let r = a + s. Calculate the remainder when 31 is divided by r.
9
Let y(v) = -v**2 + 13*v + 3. Calculate the remainder when y(8) is divided by 11.
10
Let t be 15/(-12) + (-1)/(-4). Calculate the remainder when 10 + t + 2/(-1) is divided by 2.
1
Suppose 0 = 4*t - 8*t + 92. What is the remainder when 89 is divided by t?
20
Let s(a) = a + 22. Let c be s(-10). Let b = c + 2. Calculate the remainder when -2 + 0 + 2 + 53 is divided by b.
11
Let y(m) = m**2 + 9*m - 8. Let i be y(7). Suppose -3*k = -9, 4*v - 4*k - i = -20. Calculate the remainder when v is divided by 13.
11
Let k(l) = l**2 + l - 6. Calculate the remainder when k(5) is divided by 4.
0
Let x be (-4)/10 - (-22)/5. Suppose -x*g + 4 = -24. Let z = -5 + g. Calculate the remainder when 4 is divided by z.
0
Calculate the remainder when 29 is divided by 1 + 0/(-5) + 14.
14
Let z = 22 - -4. Calculate the remainder when z is divided by 14.
12
Suppose 0*g + 140 = 3*i + g, -172 = -4*i - 5*g. Suppose -x + 4*x - i = 0. Calculate the remainder when 29 is divided by x.
13
Suppose -10 = f - 2*v - 53, 0 = 3*f + v - 136. What is the remainder when f is divided by 12?
9
Suppose -2*q + 10 = 5*d, q + 4*d + 10 = 3*q. Suppose 3*l - 62 = -c, -2*c = 2*l - 3*c - 33. What is the remainder when l is divided by q?
4
Suppose 0 = 5*l + 5*f - 120, -3*l = -7*l - 5*f + 99. Let m be (-1 + -1)/(-1)*-1. What is the remainder when 182/3 - m/6 is divided by l?
19
Let a(d) = -d**3 + 5*d**2 - 4*d - 1. Let l be a(3). Suppose -4*j - 3 - 9 = -3*w, -2*w + l*j = -8. Calculate the remainder when 24 is divided by (-26)/w*-1*2.
11
Let z(o) = -o**3 + 7*o**2 - 5*o. Let a be z(6). Suppose -3*y = 3*b - a, -2*y - 12 = -b + 2. What is the remainder when b is divided by 3?
0
Suppose -138 = -5*t - 2*g, -5*t + 0*g = 3*g - 142. Suppose t = o + o. What is the remainder when 37 is divided by o?
11
Let n = -7 + 9. Suppose -3*t + 155 = 4*q, 4*t + 135 = n*q + q. What is the remainder when q is divided by 14?
13
Suppose -2*z + 9 = -3*q - 4, -5*q = z - 13. What is the remainder when z is divided by 4?
0
Let m(n) = 6*n**2 - n. Let g be m(-1). Let x = 28 - g. What is the remainder when x is divided by 11?
10
Let m(d) = -d**3 + 8*d**2 - 4*d + 2. Let s be m(5). Let i = s + -40. What is the remainder when 65 is divided by i?
14
Let w(a) = 8*a - 29. Let t = 22 + -15. What is the remainder when w(7) is divided by t?
6
Suppose 2*o + 2*r - r - 1 = 0, 3*o + 2*r = 0. What is the remainder when (o + -4)*2*-8 is divided by 11?
10
Suppose 0*v + 3*v - 9 = 0. Suppose -2*z + z - 2 = 0. Let i = v - z. What is the remainder when i is divided by 2?
1
Let f(k) = -k**2 + 7*k + 5. Let j(t) = t**2 + 4*t + 2. Calculate the remainder when j(-6) is divided by f(7).
4
Suppose w = 6*w - 145. Suppose 0 = l + l - 8. Suppose -2*v - l*s + 29 = -7, 32 = 2*v + 3*s. Calculate the remainder when w is divided by v.
9
Let a = -9 + 9. Let v = 3 - a. Suppose v*r - 21 = -0*r. What is the remainder when 27 is divided by r?
6
Let z(o) = 2*o + 12. What is the remainder when 78 is divided by z(14)?
38
Calculate the remainder when (-403)/(-9) + (-4)/(-18) is divided by 12.
9
Calculate the remainder when 25 is divided by 237/15 + 7/35.
9
Let l(z) = -z + 21. Let o be 13 - 5/(10/4). Suppose 6 = 3*t - 2*t. What is the remainder when l(o) is divided by t?
4
What is the remainder when 62 is divided by (-2)/(-7) - 267/(-21)?
10
Suppose 3*u - y = -26 - 5, 4*y = -2*u - 16. Let f = u - -18. Calculate the remainder